
50
Calculate the highest common factor of 14 and 119.
7
What is the highest common factor of 5208 and 124?
124
What is the highest common factor of 316 and 2291?
79
Calculate the greatest common divisor of 1368 and 608.
152
What is the highest common factor of 17 and 17?
17
Calculate the greatest common divisor of 50 and 325.
25
What is the highest common divisor of 1505 and 70?
35
Calculate the greatest common divisor of 8 and 8956.
4
What is the greatest common divisor of 91 and 21?
7
What is the greatest common divisor of 156 and 12480?
156
What is the highest common factor of 45563 and 161?
161
What is the highest common divisor of 20 and 7020?
20
What is the greatest common factor of 60 and 18?
6
Calculate the highest common divisor of 50 and 80.
10
Calculate the greatest common divisor of 58 and 1.
1
Calculate the highest common factor of 375 and 10875.
375
What is the highest common factor of 3818 and 46?
46
Calculate the greatest common divisor of 48 and 1888.
16
What is the highest common divisor of 1589 and 7?
7
What is the highest common divisor of 48 and 141?
3
What is the highest common factor of 10 and 490?
10
What is the greatest common divisor of 10 and 695?
5
What is the highest common factor of 321 and 3?
3
What is the highest common divisor of 3295 and 5?
5
What is the greatest common factor of 3724 and 836?
76
What is the highest common divisor of 32859 and 81?
27
What is the greatest common divisor of 592 and 160?
16
Calculate the greatest common factor of 348 and 464.
116
Calculate the greatest common divisor of 342 and 18.
18
Calculate the highest common divisor of 75 and 7800.
75
Calculate the highest common divisor of 1264 and 79.
79
Calculate the highest common divisor of 9 and 2097.
9
Calculate the greatest common factor of 69 and 2553.
69
What is the greatest common divisor of 27622 and 7?
7
What is the greatest common divisor of 57 and 665?
19
What is the highest common factor of 14 and 3178?
14
Calculate the highest common divisor of 8 and 184.
8
What is the highest common divisor of 42938 and 28?
14
What is the greatest common divisor of 440 and 80?
40
What is the greatest common divisor of 285 and 30?
15
Calculate the greatest common divisor of 4872 and 42.
42
What is the greatest common factor of 1650 and 462?
66
What is the greatest common divisor of 556 and 12?
4
Calculate the highest common factor of 148 and 37.
37
What is the greatest common divisor of 1890 and 42?
42
What is the highest common divisor of 126 and 144?
18
Calculate the highest common divisor of 57 and 3078.
57
What is the highest common divisor of 222 and 6?
6
Calculate the greatest common divisor of 68 and 986.
34
Calculate the highest common factor of 159 and 1484.
53
What is the greatest common divisor of 69 and 1656?
69
Calculate the highest common factor of 28 and 212.
4
What is the highest common factor of 9 and 27?
9
Calculate the highest common divisor of 5559 and 2616.
327
What is the highest common divisor of 154 and 224?
14
What is the highest common factor of 172 and 44?
4
What is the highest common divisor of 3 and 10929?
3
What is the highest common divisor of 129148 and 166?
166
What is the highest common divisor of 1414 and 14?
14
Calculate the greatest common divisor of 116 and 87.
29
Calculate the highest common divisor of 527 and 93.
31
What is the highest common factor of 8 and 2168?
8
What is the highest common divisor of 3281 and 204?
17
What is the greatest common factor of 2672 and 16?
16
Calculate the greatest common factor of 6 and 174.
6
Calculate the greatest common factor of 9261 and 567.
189
Calculate the highest common divisor of 24 and 36.
12
Calculate the greatest common divisor of 9 and 1557.
9
Calculate the greatest common divisor of 2976 and 300.
12
What is the greatest common divisor of 146 and 5475?
73
What is the greatest common factor of 1740 and 15?
15
What is the greatest common divisor of 15 and 195?
15
What is the highest common factor of 87 and 2581?
29
Calculate the highest common factor of 420 and 20.
20
Calculate the highest common divisor of 276 and 24.
12
What is the highest common factor of 54 and 513?
27
What is the highest common factor of 102 and 66?
6
What is the highest common divisor of 261 and 58?
29
What is the highest common factor of 26 and 15509?
13
Calculate the greatest common divisor of 1302 and 310.
62
Calculate the highest common divisor of 72 and 152.
8
Calculate the highest common divisor of 574 and 14.
14
Calculate the highest common factor of 286 and 4444.
22
What is the highest common factor of 72 and 2286?
18
What is the greatest common factor of 25 and 2225?
25
Calculate the greatest common divisor of 54 and 48.
6
Calculate the highest common divisor of 92 and 9775.
23
What is the greatest common divisor of 1073 and 111?
37
Calculate the highest common divisor of 15 and 285.
15
What is the greatest common factor of 18390 and 30?
30
What is the highest common divisor of 5 and 1500?
5
What is the greatest common factor of 66 and 42?
6
What is the greatest common divisor of 34120 and 80?
40
Calculate the greatest common factor of 711 and 79.
79
Calculate the highest common divisor of 720 and 400.
80
Calculate the highest common divisor of 489 and 1.
1
Calculate the greatest common factor of 3004 and 16.
4
What is the greatest common factor of 132 and 13926?
66
What is the highest common factor of 141 and 3?
3
Calculate the greatest common factor of 546 and 312.
78
What is the highest common divisor of 345 and 150?
15
What is the highest common factor of 434 and 742?
14
What is the greatest common divisor of 44 and 66?
22
What is the highest common factor of 1557 and 7439?
173
Calculate the highest common factor of 445 and 2047.
89
Calculate the highest common factor of 119 and 273.
7
What is the greatest common divisor of 75 and 81?
3
What is the highest common divisor of 364 and 52?
52
What is the greatest common divisor of 44 and 77?
11
What is the greatest common factor of 2596 and 59?
59
What is the highest common divisor of 12 and 78?
6
What is the highest common divisor of 26 and 4407?
13
Calculate the greatest common factor of 45 and 5229.
9
Calculate the greatest common divisor of 26 and 13.
13
What is the highest common divisor of 8 and 1184?
8
Calculate the highest common factor of 78 and 414.
6
Calculate the greatest common factor of 296 and 37.
37
What is the highest common factor of 880 and 320?
80
Calculate the greatest common divisor of 27 and 27.
27
What is the greatest common divisor of 97 and 679?
97
What is the greatest common divisor of 39 and 104?
13
What is the greatest common factor of 319 and 2030?
29
What is the highest common factor of 5226 and 364?
26
What is the highest common factor of 63 and 357?
21
What is the greatest common divisor of 14212 and 969?
323
Calculate the highest common factor of 2125 and 375.
125
Calculate the highest common factor of 150 and 1550.
50
Calculate the highest common factor of 17 and 35377.
17
What is the highest common factor of 18 and 4077?
9
Calculate the highest common factor of 374 and 442.
34
What is the greatest common divisor of 62 and 31?
31
What is the greatest common divisor of 37558 and 1266?
422
What is the greatest common divisor of 581 and 7?
7
Calculate the greatest common divisor of 450 and 4.
2
What is the highest common factor of 221 and 169?
13
What is the highest common divisor of 24 and 132?
12
What is the greatest common factor of 1393 and 21?
7
What is the greatest common divisor of 80 and 10?
10
What is the greatest common divisor of 1116 and 48?
12
Calculate the greatest common factor of 113 and 2599.
113
Calculate the highest common factor of 460 and 92.
92
Calculate the highest common divisor of 90 and 306.
18
What is the highest common divisor of 465 and 225?
15
What is the highest common factor of 26 and 13039?
13
Calculate the highest common factor of 2 and 2.
2
What is the highest common factor of 430 and 602?
86
Calculate the greatest common factor of 45 and 105.
15
Calculate the greatest common divisor of 524 and 4847.
131
Calculate the highest common divisor of 198 and 414.
18
What is the greatest common divisor of 297 and 66?
33
What is the greatest common divisor of 36 an